e highest common factor of 20 and x?
5
Suppose -5*p - 5*u + 46 = -109, 3*p = -2*u + 94. Let k(m) = -m**3 + 2*m**2 + 5*m - 2. Let q be k(3). Calculate the greatest common divisor of q and p.
4
Let o = 1799 - 1789. Calculate the greatest common divisor of o and 27.
1
Let i be 3 + 1 - (-2 - 607). Suppose -i = -2*g + 97. Suppose 5*k - g + 75 = 0. Calculate the highest common factor of k and 84.
28
Suppose 9*i = 2081 + 529. Calculate the greatest common divisor of 40 and i.
10
Let v(x) = -x**3 - 5*x**2 + 4*x - 8. Let a be v(-6). Suppose 9*f - a*f = 60. Suppose 0 = -5*s + 3*s + f. Calculate the highest common factor of s and 30.
6
Suppose 5*c + 4*u - 715 = -0*u, -5*c - 5*u = -715. Suppose 0*x = x - 11. What is the highest common divisor of x and c?
11
Let b(a) = -3*a + 5*a + a**2 + 95 + 0*a - 97. Let w be b(3). What is the highest common factor of 13 and w?
13
Let r(n) = n + 22. Suppose -2*a - d + 7 = -3*a, -26 = 4*a - 5*d. Let h be r(a). Calculate the highest common divisor of h and 117.
13
Let r(y) = -y**3 - 9*y**2 - 11*y - 22. Suppose 6*v = 15 - 69. Let g be r(v). Calculate the highest common factor of g and 7.
7
Let o be -4 - (-45 - (0 - 0)). Let y = o - 8. What is the highest common divisor of 3 and y?
3
Let v(b) = 14*b - 390. Let r be v(28). What is the greatest common factor of 14 and r?
2
Let s(k) = k - 21. Let l be s(18). Let y be (-4 - -9) + l - 26*-1. Let a(g) = 4*g**2 + 2*g - 2. Let r be a(4). What is the highest common factor of y and r?
14
Suppose -3522 = -70*i + 16078. What is the greatest common factor of i and 240?
40
Let k(i) = 19*i - 13. Let n be k(-4). Let u = n + 97. Calculate the highest common divisor of 32 and u.
8
Let y(k) = 2*k**2 - 10*k - 6. Let l(d) = -7*d + 7*d**2 + 3*d**2 + 6*d. Let r be l(1). Let p be y(r). Calculate the highest common divisor of p and 6.
6
Let s(o) = -2*o**2 + 6*o + 22. Let g be s(0). What is the highest common factor of g and 121?
11
Let x be 19 + 0 + 2 + -1. Let r = x + -12. Let v be (-10 - -6)*16/10*-10. Calculate the greatest common divisor of v and r.
8
Let b(p) = 3*p + 69. Let t be b(-22). Calculate the greatest common factor of 81 and t.
3
Let z be 11/3 - 5/(-15). Let s be z/(-3) + 1672/66. What is the highest common factor of 8 and s?
8
Suppose -2*k = -k - 9. Suppose 0 = -3*r + 15 + k. Let h = 75 - -13. What is the greatest common factor of h and r?
8
Let m(s) = s**2 + 6*s + 13. Let w be (-33)/(-22)*16/(-6). Let z be m(w). Calculate the greatest common divisor of 15 and z.
5
Let z(o) = 4*o**2 + 31*o + 192. Let u be z(-7). What is the greatest common factor of 27 and u?
9
Suppose c + w = -4*c + 40, -2 = 2*c + 4*w. Let z(d) = -d**2 - 42*d - 351. Let q be z(-15). What is the highest common divisor of c and q?
9
Let i(q) be the second derivative of 41*q**3/6 + 3*q**2/2 - 2*q. Let a be i(1). Calculate the greatest common divisor of 4 and a.
4
Let p be -3 - (-4 - 3 - 1). Suppose p*b - 101 - 184 = 0. Let x(h) = 2*h**3 - 6*h**2 + 3*h - 6. Let r be x(4). Calculate the greatest common factor of b and r.
19
Let j be 16*(-2)/(-22)*11/2. What is the highest common divisor of j and 336?
8
Let n(o) = 2*o**2 + 15*o - 7. Let d be n(-8). Let j be 0 + (d - (-4 + -279)). Let p be j/12 + (-3)/(-9). What is the greatest common factor of 6 and p?
6
Let z be -1 + (-1 - (-3 + -1)). Let p be 7 - 2/(-4)*-8. Suppose p*l = 12, 0 = -3*d + 8*d - 2*l - 102. What is the highest common divisor of z and d?
2
Suppose -80 = -448*k + 447*k - 4*i, 0 = -2*i + 10. What is the highest common divisor of 90 and k?
30
Suppose -5 = -3*c + 76. Suppose 4*u - 1485 = -7*u. What is the greatest common divisor of c and u?
27
Let q(h) = 2*h**2 - 45*h - 18. Let f be q(24). Calculate the greatest common factor of 486 and f.
54
Let u = 2754 - 745. Calculate the greatest common divisor of 82 and u.
41
Suppose 798 = 294*m - 252*m. Calculate the highest common divisor of 513 and m.
19
Let k(x) = x**2 + 4*x + 5. Let c be k(-4). Suppose -q = c*g - 155, -5*q - g + 156 = -547. Suppose 7*y - q = 3*y. What is the greatest common factor of y and 14?
7
Suppose 4*o + a = 19, 64*o - 62*o + a = 7. Suppose 239 = 4*k + 4*i - 117, -2*k + 3*i = -153. Calculate the greatest common factor of o and k.
6
Suppose -5*x - 3*i = -526, -8*i + 5*i + 6 = 0. What is the highest common divisor of 1612 and x?
52
Let x = 11 - 10. Suppose 11 = -4*d - 3*k, -x + 15 = 4*d - 2*k. Let h = 6 - d. Calculate the highest common divisor of 5 and h.
5
Suppose 31005 = 62*m - 9*m. Calculate the greatest common factor of 156 and m.
39
Let f be 34/8 + (-8)/32. Let b be 143/4 - (-1)/f. Let k = -25 + b. Calculate the greatest common factor of k and 11.
11
Let v(t) = -3*t + 119. Let l be v(0). Calculate the greatest common divisor of 17 and l.
17
Let p(u) = u**3 + 7*u**2 + 5*u + 8. Let w be p(-6). Let n(g) = 3*g**2 + 15*g + 40. Let x be n(-4). Calculate the greatest common factor of x and w.
14
Let r = -2 + -2. Let d = r - -14. Let z(m) = -m - 1. Let v be z(-3). What is the highest common divisor of d and v?
2
Let r be (-6)/(-21) + (-1430)/(-91). Calculate the greatest common factor of 2 and r.
2
Suppose -l = -1, 3671 = 4*v - l + 216. What is the highest common divisor of v and 32?
32
Suppose 4*h + 5*x - 22 = 0, -4*x + 2 + 3 = -h. Let b be -2 - (0 + (h - 3)). Let n be (-3 + b)/(35/(-14)). Calculate the greatest common factor of 1 and n.
1
Suppose -4 - 14 = -3*k. Suppose -200 = 11*s - 3*s. Let c be (-40)/s + k/(-10). Calculate the greatest common divisor of c and 11.
1
Let q(m) = m**3 - m**2 + 2*m - 1. Let d be q(1). Let v be 14 - d/((-6)/4 - -1). Calculate the greatest common divisor of v and 16.
16
Let s(d) = d**2 + 10*d - 3. Let h be s(-9). Let y be h/(-28) + (-9390)/(-42). Calculate the highest common factor of y and 28.
28
Let d(p) = -165*p + 121. Let o be d(-4). What is the greatest common divisor of 71 and o?
71
Suppose 61 - 1 = 15*b. Suppose 5*o - 15 + 6 = -b*k, o = k. Suppose -2*d + 0 = -4. What is the greatest common divisor of k and d?
1
Let c be (-7)/(4/12*3). Let r = 9 + c. Suppose -r*m + 20 = -0. What is the highest common factor of m and 30?
10
Let f be -4 - 458*3/(-2). Let p = 1115 - f. What is the highest common divisor of 48 and p?
48
Let x be 9/(10*(-10)/(-23500)). What is the highest common factor of x and 15?
15
Suppose -2*s = 5*x - 213 - 246, s = -4*x + 237. Calculate the greatest common factor of 62 and s.
31
Let t = -15 - -6. Let y be 0 - (-1 + -10) - 1. Let f = y + t. What is the greatest common factor of 3 and f?
1
Suppose -2*f = -c - 35, 4*c + 0 = -4*f + 40. Let l be (54/42)/(1/7). Suppose l = 6*j - f. What is the greatest common divisor of j and 6?
2
Suppose -5*f - 3*f + 768 = 0. Suppose m - 5*g = 57, -f = -4*m + 2*g + 78. Calculate the greatest common divisor of m and 105.
21
Suppose -14*m - 138 = -17*m. Let l = m - 23. What is the greatest common factor of 92 and l?
23
Suppose -z = 2*b + b - 23, -5*b = 4*z - 50. Let g = -5 - 30. Let k = g - -77. What is the highest common factor of b and k?
6
Suppose 4*c - 140 = -c. Let m(g) = g**3 - 12*g**2 + 19*g + 11. Let z be m(10). Let x be 4*z - (5 - 15). What is the highest common divisor of x and c?
14
Suppose 3*a - 25 = 83. Let v(m) = -4*m**3 - 2*m**2 - 4*m - 3. Let s be v(-2). Let u = 38 - s. What is the highest common factor of a and u?
9
Let k(w) = -6*w + 22. Let z be k(4). Let s(x) = 4*x**2 - x - 4. Let q be s(z). Let p = -143 - -241. Calculate the greatest common divisor of p and q.
14
Suppose b - 2 = -3*i, 4*i = -8*b + 25 - 9. What is the highest common factor of 130 and b?
2
Let r = -112 - -121. Let l be -12 + r - 13*-1. Calculate the highest common divisor of 10 and l.
10
Let s be (-22 - 3)/5 + 50. What is the greatest common factor of 10 and s?
5
Let t = 100 + -87. Let u(f) be the first derivative of 2*f**3/3 - 3*f**2/2 - 2*f - 1. Let h be u(-7). What is the greatest common factor of t and h?
13
Suppose 5*d + 7*c = 3*c + 64, 3*c + 92 = 5*d. Suppose 20 + d = 3*h + 5*g, -2*h + 3*g + 24 = 0. Calculate the greatest common factor of 18 and h.
6
Suppose -198*t = -215*t + 1122. Calculate the highest common factor of 176 and t.
22
Suppose -h + 21 = 3*o - 4*h, 3*o + 3*h = 21. What is the greatest common divisor of o and 112?
7
Suppose -3*y = -35*y + 128. What is the greatest common factor of 56 and y?
4
Suppose 162*p = 159*